3 a multiple of 41?
True
Does 17 divide 113324?
False
Does 204 divide 12270140?
False
Is 1062 a factor of 1896344?
False
Does 416 divide 3877985?
False
Is 211 a factor of 542452?
False
Is 3 a factor of 44618?
False
Is 59 a factor of 1957443?
True
Does 68 divide 407366?
False
Does 15 divide 2781571?
False
Is 208891 a multiple of 431?
False
Does 89 divide 325340?
False
Is 43 a factor of 208593?
True
Does 242 divide 615964?
False
Does 368 divide 2060432?
True
Is 289070 a multiple of 211?
True
Is 57977 a multiple of 183?
False
Is 3369046 a multiple of 29?
True
Does 22 divide 18086?
False
Is 829 a factor of 7252683?
False
Is 27399 a multiple of 2?
False
Does 21 divide 1716288?
True
Is 15820845 a multiple of 15?
True
Does 1430 divide 7882160?
True
Does 12 divide 136728?
True
Is 141 a factor of 11173?
False
Is 177264 a multiple of 72?
True
Does 380 divide 27662100?
True
Does 484 divide 13418686?
False
Is 1137032 a multiple of 169?
True
Does 95 divide 84170?
True
Is 143 a factor of 4862?
True
Is 180940 a multiple of 109?
True
Is 19 a factor of 3728803?
False
Does 104 divide 1382472?
True
Does 89 divide 111962?
True
Is 52 a factor of 143936?
True
Is 1010403 a multiple of 173?
False
Is 325163 a multiple of 21?
False
Is 35 a factor of 46989?
False
Is 678 a factor of 11405934?
False
Does 167 divide 6561612?
False
Is 138051 a multiple of 7?
False
Is 182 a factor of 1130584?
True
Does 363 divide 4279770?
True
Does 30 divide 60217?
False
Is 38 a factor of 380092?
False
Is 4548787 a multiple of 85?
False
Is 4672206 a multiple of 1386?
True
Is 416250 a multiple of 6?
True
Is 42 a factor of 2975585?
False
Does 39 divide 961272?
True
Does 11 divide 56287?
True
Does 6 divide 12850?
False
Is 18355875 a multiple of 1579?
True
Is 8704920 a multiple of 460?
False
Is 9527681 a multiple of 81?
False
Is 126820 a multiple of 170?
True
Is 71661 a multiple of 26?
False
Is 382069 a multiple of 15?
False
Is 59 a factor of 219847?
False
Is 204848 a multiple of 72?
False
Is 149331 a multiple of 13?
True
Is 169780 a multiple of 13?
True
Is 20 a factor of 2370320?
True
Is 145 a factor of 186035?
True
Is 434772 a multiple of 12?
True
Does 68 divide 14414?
False
Is 144527 a multiple of 113?
True
Is 9023372 a multiple of 1104?
False
Is 34 a factor of 173740?
True
Does 16 divide 232656?
True
Does 110 divide 1319075?
False
Does 491 divide 526967?
False
Is 138772 a multiple of 8?
False
Does 37 divide 623635?
True
Is 1286615 a multiple of 157?
True
Is 32 a factor of 7563400?
False
Is 48 a factor of 730433?
False
Is 1690416 a multiple of 52?
True
Is 501 a factor of 26782468?
False
Is 7 a factor of 189996?
False
Is 168415 a multiple of 5?
True
Is 236528 a multiple of 16?
True
Is 31 a factor of 96100?
True
Is 111018 a multiple of 11?
False
Is 36 a factor of 129384?
True
Is 2350291 a multiple of 74?
False
Is 4173684 a multiple of 283?
True
Is 10664134 a multiple of 796?
False
Does 77 divide 543466?
True
Is 17 a factor of 249050?
True
Does 261 divide 202536?
True
Is 50540 a multiple of 140?
True
Is 1347190 a multiple of 559?
True
Is 51 a factor of 2944343?
False
Does 2 divide 22542?
True
Does 5 divide 1228520?
True
Is 238512 a multiple of 8?
True
Is 124 a factor of 11409?
False
Is 5 a factor of 287270?
True
Is 2022047 a multiple of 314?
False
Does 3 divide 12864?
True
Is 363225 a multiple of 29?
True
Is 7 a factor of 9105864?
False
Is 16 a factor of 101056?
True
Is 6 a factor of 8784?
True
Is 1887802 a multiple of 413?
False
Does 19 divide 3014768?
True
Is 108065 a multiple of 198?
False
Is 12 a factor of 16288?
False
Is 469395 a multiple of 45?
True
Does 9 divide 36697?
False
Is 958256 a multiple of 68?
True
Does 11 divide 2108150?
True
Is 49 a factor of 778022?
True
Is 4468640 a multiple of 20?
True
Does 254 divide 1140714?
True
Is 20 a factor of 19420?
True
Does 29 divide 17645090?
False
Is 1590813 a multiple of 133?
True
Is 148217 a multiple of 10?
False
Does 19 divide 558704?
False
Is 464579 a multiple of 522?
False
Is 120772 a multiple of 24?
False
Does 21 divide 318891?
False
Is 437 a factor of 4494545?
True
Is 3 a factor of 101013?
True
Does 11 divide 18282163?
False
Is 747 a factor of 663336?
True
Is 8 a factor of 936584?
True
Does 16 divide 2612792?
False
Is 479 a factor of 479456?
False
Is 358396 a multiple of 59?
False
Does 6 divide 91380?
True
Is 531813 a multiple of 553?
False
Does 73 divide 1589684?
False
Is 150 a factor of 153900?
True
Does 7 divide 573356?
True
Is 410652 a multiple of 549?
True
Is 6980 a multiple of 7?
False
Is 704475 a multiple of 635?
False
Is 15237 a multiple of 9?
True
Is 774787 a multiple of 154?
False
Is 27382535 a multiple of 115?
True
Is 42 a factor of 30618?
True
Is 10891740 a multiple of 167?
True
Is 28953191 a multiple of 390?
False
Is 38059 a multiple of 7?
True
Is 1319 a factor of 1817582?
True
Is 259896 a multiple of 238?
True
Does 11 divide 2288?
True
Is 159669 a multiple of 113?
True
Is 559574 a multiple of 191?
False
Is 215 a factor of 475520?
False
Does 404 divide 9545387?
False
Is 407 a factor of 4612531?
True
Is 109661 a multiple of 88?
False
Is 7549716 a multiple of 27?
False
Is 1208781 a multiple of 441?
True
Does 30 divide 4821566?
False
Does 5 divide 39755?
True
Does 35 divide 2828735?
True
Is 8 a factor of 193072?
True
Is 45 a factor of 177803?
False
Is 93 a factor of 3323727?
True
Is 581932 a multiple of 286?
False
Is 9 a factor of 77945?
False
Is 2280855 a multiple of 95?
True
Does 23 divide 767741?
False
Is 3261594 a multiple of 4?
False
Does 28 divide 1870848?
True
Does 212 divide 6394936?
False
Is 184378 a multiple of 4?
False
Is 196543 a multiple of 3?
False
Is 280 a factor of 368311?
False
Does 5 divide 285480?
True
Does 13 divide 5406866?
False
Is 950035 a multiple of 1255?
True
Is 25 a factor of 5242900?
True
Does 86 divide 258262?
False
Is 4 a factor of 129419?
False
Is 1414 a factor of 4133122?
True
Is 919750 a multiple of 325?
True
Is 17716411 a multiple of 173?
True
Is 14 a factor of 88580?
False
Is 78 a factor of 15575441?
False
Is 423 a factor of 540868?
False
Is 41 a factor of 1274287?
False
Is 20 a factor of 10758940?
True
Does 231 divide 3845729?
False
Is 11 a factor of 1026839?
True
Does 44 divide 274032?
True
Is 57879 a multiple of 59?
True
Is 9020 a multiple of 55?
True
Does 26 divide 45084?
True
Is 439321 a multiple of 21?
False
Does 5 divide 441233?
False
Is 32 a factor of 21591?
False
Does 1495 divide 1701310?
True
Does 9 divide 699067?
False
Does 277 divide 1042351?
True
Is 61435 a multiple of 153?
False
Does 74 divide 197506?
True
Is 3425857 a multiple of 839?
False
Is 22 a factor of 32845?
False
Is 140415 a multiple of 185?
True
Does 393 divide 738447?
True
Does 220 divide 266225?
False
Is 90 a factor of 24840?
True
Does 81 divide 391149?
True
Is 8925838 a multiple of 71?
False
Is 1479072 a multiple of 48?
True
Is 44 a factor of 151433?
False
Does 6 divide 1028029?
False
Is 183570 a multiple of 211?
True
Is 39832 a multiple of 22?
False
Does 12 divide 828?
True
Is 698 a factor of 3696608?
True
Does 316 divide 937713?
False
Is 19 a factor of 957016?
False
Is 9 a factor of 107766?
True
Is 20 a factor of 2296?
False
Does 1107 divide 8120952?
True
Is 5 a factor of 11350?
True
Is 29940 a multiple of 10?
True
Does 14 divide 648690?
True
Is 47429 a multiple of 43?
True
Is 2976315 a multiple of 22?
False
Does 13 divide 441767?
False
Does 1254 divide 21453432?
True
Is 19 a factor of 110409?
True
Does 2104 divide 3144273?
False
Is 38 a factor of 2833166?
True
Is 29 a factor of 31784?
True
Is 150001 a multiple of 58?
False
Is 227504 a multiple of 16?
True
Is 41 a factor of 232470?
True
Is 259081 a multiple of 7?
False
Is 22420 a multiple of 32?
False
Is 95 a factor of 39045?
True
Does 470 divide 2880160?
True
Does 197 divide 4261040?
False
Is 369039 a multiple of 211?
True
Does 54 divide 921834?
True
Does 13 divide 42684?
False
Is 338 a factor of 173732?
True
Does 2 divide 2047263?
False
Is 28 a factor of 1954596?
True
Does 1427 divide 13644974?
True
Is 1705 a factor of 7892445?
True
Is 5040684 a multiple of 12?
True
Is 20 a factor of 6338576?
False
Is 18354820 a multiple of 22?
True
Is 1959282 a multiple of 347?
False
Does 12 divide 76430?
False
Is 15 a factor of 3200010?
True
Is 915182 a multiple of 64?
False
